{"id":2,"date":"2023-03-30T13:38:01","date_gmt":"2023-03-30T10:38:01","guid":{"rendered":"http:\/\/turisthaber.com\/?page_id=2"},"modified":"2023-03-30T14:15:27","modified_gmt":"2023-03-30T11:15:27","slug":"sample-page","status":"publish","type":"page","link":"https:\/\/turisthaber.com\/?page_id=2","title":{"rendered":"\u00d6rnek sayfa&#8230;"},"content":{"rendered":"\r\n<p>Ukrayna&#8217;n\u0131n kuzeyinde, Rusya ile Belarus s\u0131n\u0131rlar\u0131n\u0131n kesi\u015fme noktas\u0131ndaki \u00c7ernigiv B\u00f6lgesi ke\u015ffedilmeyi bekliyor.<\/p>\r\n<p>Ba\u015fkenti Kiev&#8217;in 140 kilometre kuzeyindeki \u00c7ernigiv \u015eehri, Ukrayna tarihide; siyasi, iktisadi, i\u00e7timai, medeni hayat\u0131n\u0131n ba\u015fl\u0131ca merkezlerinden birisi oldu.<\/p>\r\n<p>Ukrayna Ekonomik Kalk\u0131nma ve Ticaret Bakanl\u0131\u011f\u0131, Kiev Bas\u0131n Kul\u00fcb\u00fc, yerel y\u00f6netimin ortak projesi \u00e7er\u00e7evesinde, \u00c7ernigiv B\u00f6lgesi&#8217;nin, do\u011fal, tarihi ve k\u00fclt\u00fcrel varl\u0131klar\u0131 hakk\u0131nda bas\u0131n mensuplar\u0131na bilgi verildi.<\/p>\r\n<p>12. as\u0131rda Mo\u011fol Han\u0131 Meng\u00fc liderli\u011findeki Alt\u0131n Ordu Devleti s\u0131n\u0131rlar\u0131 i\u00e7erisinde kalan \u00c7ernigiv&#8217;de o d\u00f6nemin izlerini de s\u00fcrmek m\u00fcmk\u00fcn. Do\u011fu Ukrayna&#8217;ya ba\u015fkentlik yapan, Baturin asl\u0131na uygun olarak in\u015fa edilen kalesi, saraylar\u0131, ah\u015fap kiliseleri ile o d\u00f6nemin siyasi, idari ve dini miras\u0131n\u0131 g\u00f6rmek m\u00fcmk\u00fcn.<\/p>\r\n<p>Ba\u015fkent Kiev&#8217;e yak\u0131nl\u0131\u011f\u0131 nedeniyle \u00c7ernigiv, ula\u015f\u0131m avantaj\u0131na sahip. Yakla\u015f\u0131k 2 saatlik bir yolculuk akabinde; tarihi kiliseler, saraylar kaleler ve el de\u011fmemi\u015f bir do\u011fa u\u00e7suz bucaks\u0131z bol sulu ve verimli topraklar\u0131 g\u00f6rmek m\u00fcmk\u00fcn.<\/p>\r\n<p>M\u00fczeler b\u00f6lgesi \u00c7ernigiv&#8217;de sadece 37 m\u00fcze her y\u0131l yakla\u015f\u0131k bir milyon ki\u015fi taraf\u0131ndan ziyaret ediliyor. Bu b\u00f6lge hen\u00fcz T\u00fcrk ziyaret\u00e7iler taraf\u0131ndan ke\u015ffedilmemi\u015f. \u00d6zellikle ormanlar i\u00e7erisinde sakl\u0131 kalp \u015feklindeki Golubi Ozera (Golubi G\u00f6l\u00fc) do\u011fada kamp yapmak isteyen do\u011fal ya\u015fam isteyen i\u00e7inler alternatif bir tatil g\u00fczergah\u0131.<\/p>\r\n<blockquote>\r\n<p>UKRAYNA&#8217;NIN ESK\u0130 BA\u015eKENT\u0130: BATUR\u0130N<\/p>\r\n<p>\u00c7ernigiv B\u00f6lgesi&#8217;nin \u00fclkenin di\u011fer b\u00f6lgelerinden ay\u0131ran bir \u00f6zelli\u011fi ise b\u00f6lgedeki Baturin \u015fehrinin; 1669-1708 ile 1750-1764 y\u0131llar\u0131 aras\u0131nda Do\u011fu Ukrayna&#8217;ya ba\u015fkentlik yapm\u0131\u015f olmas\u0131.<\/p>\r\n<p><img loading=\"lazy\" decoding=\"async\" class=\"alignnone size-large wp-image-20217\" src=\"http:\/\/ukraynahaber.com\/wp-content\/uploads\/2017\/11\/yunuserdogdu08-1024x678.jpg\" alt=\"\" width=\"708\" height=\"469\" \/><\/p>\r\n<\/blockquote>\r\n<p>G\u00fcn\u00fcm\u00fcz Ukrayna&#8217;s\u0131nda, Baturin asl\u0131na ba\u011fl\u0131 olarak muhafaza edilmi\u015f; Kozak ya\u015fam tarz\u0131n\u0131n devam etti\u011fi k\u00f6yler, kiliseler, saraylar ve d\u00f6nemin idari binalar\u0131n\u0131 g\u00f6rmek ve Hetman idaresini ve ya\u015fam \u015fartlar\u0131n\u0131 merak edenler i\u00e7in bire bir korunmu\u015f ve restore edilmi\u015f eski ba\u015fkent b\u00fct\u00fcn g\u00f6rkemi ile ziyaret\u00e7ilerini bekliyor.<\/p>\r\n<p>Ukrayna&#8217;n\u0131n Bursa&#8217;s\u0131 olarak adland\u0131rabilece\u011fimiz, Baturin&#8217;deki kale ve m\u00fczeler sizi zaman makinesinde eski Ukrayna&#8217;ya g\u00f6t\u00fcrecek. G\u00fcn\u00fcm\u00fcz\u00fcn \u00e7a\u011fda\u015f mimarisinden uzak, geni\u015f parklarda Desna Nehri&#8217;nin sakin sular\u0131n\u0131n e\u015fli\u011finde Ukrayna&#8217;n\u0131n tarihine yolculuk yapmak, Tatar Mo\u011fol istilas\u0131n\u0131n izlerini s\u00fcrmek i\u00e7in g\u00fczel bir b\u00f6lge.<\/p>\r\n<p>Kale \u00e7evresindeki su hende\u011fi, hazine dairesi, idari bina, tarihi kilisesiyle ba\u015fkent Baturin&#8217;i \u00e7evreleyen ah\u015fap kale g\u00f6rmeye de\u011fer.<\/p>\r\n<blockquote>\r\n<p>BATUR\u0130N&#8217;\u0130N G\u00d6RKEML\u0130 ROZUMOVSK\u0130Y PALAS&#8217;I<br \/>Baturin, \u015fehrine yapaca\u011f\u0131n\u0131z ziyarette, Rozumovskiy Palas mutlaka ziyaret etmeniz gereken bir mekan. D\u00f6nemin \u00f6nde gelen mimarlardan Charles Cameron taraf\u0131ndan 1799-1803 y\u0131llar\u0131 aras\u0131nda in\u015fa edilen, Ya\u015fad\u0131\u011f\u0131 onca sava\u015f ve y\u0131k\u0131m akabinde, asl\u0131na uygun olarak imar edilen Rozumovskiy Palas, 22 A\u011fustos 2009&#8217;da Ukrayna Ba\u011f\u0131ms\u0131zl\u0131k G\u00fcn\u00fc arifesinde, eski Ukrayna Cumhurba\u015fkan\u0131 Viktor Yu\u015f\u00e7enko taraf\u0131ndan ziyarete a\u00e7\u0131lm\u0131\u015f.<\/p>\r\n<p><img loading=\"lazy\" decoding=\"async\" class=\"alignnone size-large wp-image-20218\" src=\"http:\/\/ukraynahaber.com\/wp-content\/uploads\/2017\/11\/yunuserdogdu03-1024x680.jpg\" alt=\"\" width=\"708\" height=\"470\" \/><\/p>\r\n<figure id=\"attachment_20219\" aria-describedby=\"caption-attachment-20219\" style=\"width: 708px\" class=\"wp-caption alignnone\"><img loading=\"lazy\" decoding=\"async\" class=\"wp-image-20219 size-large\" src=\"http:\/\/ukraynahaber.com\/wp-content\/uploads\/2017\/11\/yunuserdogdu04-1024x683.jpg\" alt=\"\" width=\"708\" height=\"472\" \/><figcaption id=\"caption-attachment-20219\" class=\"wp-caption-text\">Osmanl\u0131 &#8211; Rus Sava\u015f\u0131 Resmi Soldan sa\u011fa: Alexandr Vasilevskij (Sar\u0131 Selim Pa\u015fa), Pavel Bagmut (Mahmud Pa\u015fa) ve Yunus Erdo\u011fdu<\/figcaption><\/figure>\r\n<p>Rozumovskiy Palas\u0131 gezerken ressam Finenko E. taraf\u0131ndan 2005 y\u0131l\u0131nda \u00e7izilen Osmanl\u0131 &#8211; Rus sava\u015flar\u0131n\u0131 resmeden b\u00fcy\u00fck ya\u011fl\u0131 boya tabloyu da mutlaka g\u00f6r\u00fcn.<\/p>\r\n<p><img loading=\"lazy\" decoding=\"async\" class=\"alignnone size-large wp-image-20220\" src=\"http:\/\/ukraynahaber.com\/wp-content\/uploads\/2017\/11\/yunuserdogdu06-1024x680.jpg\" alt=\"\" width=\"708\" height=\"470\" \/><\/p>\r\n<\/blockquote>\r\n<p>\u015eimdilerde m\u00fcze olan Rozumovskiy Palas, klasik tarzda in\u015fa edilmi\u015f, b\u00fcy\u00fck bir park i\u00e7inde ek binalar\u0131yla ve \u00e7evre d\u00fczenlemesiyle g\u00f6rmeye de\u011fer bir yap\u0131t. Saray\u0131n ana cephesi sekiz s\u00fctun ve revaklarla s\u00fcslenmi\u015f. Buradan Seym Nehri&#8217;nin manzaras\u0131n\u0131 izlemek m\u00fcmk\u00fcn. Saray\u0131 yapt\u0131rmas\u0131na ra\u011fmen sarayda ya\u015fama hayallerine eri\u015femeyen Kirill Rozumovskiy&#8217;de Ocak 1803&#8217;te \u00f6l\u00fcm\u00fcnden sonra saray uygun bak\u0131m yap\u0131lmadan b\u0131rak\u0131lm\u0131\u015f ve in\u015faat\u0131 devam eden t\u00fcm tesislerin yap\u0131m\u0131 durdurulmu\u015f. 1824&#8217;te \u00e7\u0131kan bir yang\u0131n, saray\u0131n t\u00fcm i\u00e7 mekanlar\u0131n\u0131 tahrip etmi\u015f.<\/p>\r\n<p>1908&#8217;de ger\u00e7ekle\u015fen Rus Arkeoloji Kongresinde, Kirill Rozumovskiy Saray\u0131&#8217;n\u0131 yeniden canland\u0131rmas\u0131 kararla\u015ft\u0131r\u0131lm\u0131\u015f ve 1911&#8217;de, &#8220;Rusya Eserlerinin Korunmas\u0131&#8221; vesayeti alt\u0131na girmi\u015f. St. Petersburglu mimar Aleksander Bilogrud restorasyon \u00e7al\u0131\u015fmalar\u0131na 1913 y\u0131l\u0131na kadar devam etti. Ancak A\u011fustos 1923&#8217;te Kirill Rozumovskiy Saray\u0131 b\u00fcy\u00fck bir yang\u0131n daha ge\u00e7irdi, bu yang\u0131nda saray\u0131n ek binalar\u0131 kullan\u0131lamaz hale geldi.<\/p>\r\n<p>1941-1945 \u0130kinci D\u00fcnya Sava\u015f\u0131 s\u0131ras\u0131nda Kirill Rozumovskiy Saray\u0131&#8217;n\u0131n d\u0131\u015f cephesi ve dekoratif unsurlar\u0131 b\u00fcy\u00fck hasar g\u00f6rd\u00fc. Sava\u015f sonras\u0131nda 2001-2002 y\u0131llar\u0131nda d\u00f6nemin Ba\u015fbakan\u0131 Viktor Yu\u015f\u00e7enko&#8217;nun giri\u015fimi 2003 y\u0131l\u0131nda ba\u015flayan an\u0131tlar\u0131n\u0131n korunmas\u0131 program \u00e7er\u00e7evesinde Kirill Rozumovskiy Saray\u0131&#8217;n\u0131n restorasyonuna yeninden ba\u015flan\u0131ld\u0131. 2009 y\u0131l\u0131nda ba\u015far\u0131yla tamamlanan restorasyon akabinde Rozumovskiy Palas tarihinde ikinci defa orijinal g\u00fczelli\u011fiyle ortaya \u00e7\u0131km\u0131\u015f oldu.<\/p>\r\n<p>Muhabir: Yunus Erdo\u011fdu &#8211; Baturin<\/p>\r\n<p>Foto\u011fraflar: Yunus Erdo\u011fdu ve Pavel Bagmut<\/p>\r\n<p><img loading=\"lazy\" decoding=\"async\" class=\"alignnone size-large wp-image-20221\" src=\"http:\/\/ukraynahaber.com\/wp-content\/uploads\/2017\/11\/baturin01-1024x683.jpg\" alt=\"\" width=\"708\" height=\"472\" \/><\/p>\r\n<p><img loading=\"lazy\" decoding=\"async\" class=\"alignnone size-large wp-image-20222\" src=\"http:\/\/ukraynahaber.com\/wp-content\/uploads\/2017\/11\/baturin02-1024x683.jpg\" alt=\"\" width=\"708\" height=\"472\" \/><\/p>\r\n<p><img loading=\"lazy\" decoding=\"async\" class=\"alignnone size-large wp-image-20223\" src=\"http:\/\/ukraynahaber.com\/wp-content\/uploads\/2017\/11\/baturin03-1024x683.jpg\" alt=\"\" width=\"708\" height=\"472\" \/><\/p>\r\n<p><img loading=\"lazy\" decoding=\"async\" class=\"alignnone size-large wp-image-20224\" src=\"http:\/\/ukraynahaber.com\/wp-content\/uploads\/2017\/11\/baturin04-1024x683.jpg\" alt=\"\" width=\"708\" height=\"472\" \/><\/p>\r\n<p><img loading=\"lazy\" decoding=\"async\" class=\"alignnone size-large wp-image-20225\" src=\"http:\/\/ukraynahaber.com\/wp-content\/uploads\/2017\/11\/baturin05-1024x683.jpg\" alt=\"\" width=\"708\" height=\"472\" \/><\/p>\r\n<p><img loading=\"lazy\" decoding=\"async\" class=\"alignnone size-large wp-image-20226\" src=\"http:\/\/ukraynahaber.com\/wp-content\/uploads\/2017\/11\/baturin08-1024x683.jpg\" alt=\"\" width=\"708\" height=\"472\" \/><\/p>\r\n<p><img loading=\"lazy\" decoding=\"async\" class=\"alignnone size-large wp-image-20227\" src=\"http:\/\/ukraynahaber.com\/wp-content\/uploads\/2017\/11\/baturin09-1024x683.jpg\" alt=\"\" width=\"708\" height=\"472\" \/><\/p>\r\n<p><img loading=\"lazy\" decoding=\"async\" class=\"alignnone size-large wp-image-20228\" src=\"http:\/\/ukraynahaber.com\/wp-content\/uploads\/2017\/11\/baturin10-1024x683.jpg\" alt=\"\" width=\"708\" height=\"472\" \/><\/p>\r\n<p><img loading=\"lazy\" decoding=\"async\" class=\"alignnone size-large wp-image-20229\" src=\"http:\/\/ukraynahaber.com\/wp-content\/uploads\/2017\/11\/rozumovskiy0-1024x683.jpg\" alt=\"\" width=\"708\" height=\"472\" \/><\/p>\r\n<p><img loading=\"lazy\" decoding=\"async\" class=\"alignnone size-large wp-image-20230\" src=\"http:\/\/ukraynahaber.com\/wp-content\/uploads\/2017\/11\/rozumovskiy01-1024x683.jpg\" alt=\"\" width=\"708\" height=\"472\" \/><\/p>\r\n<p><img loading=\"lazy\" decoding=\"async\" class=\"alignnone size-large wp-image-20231\" src=\"http:\/\/ukraynahaber.com\/wp-content\/uploads\/2017\/11\/rozumovskiy02-1024x683.jpg\" alt=\"\" width=\"708\" height=\"472\" \/><\/p>\r\n<p><img loading=\"lazy\" decoding=\"async\" class=\"alignnone size-large wp-image-20232\" src=\"http:\/\/ukraynahaber.com\/wp-content\/uploads\/2017\/11\/rozumovskiy03-1024x683.jpg\" alt=\"\" width=\"708\" height=\"472\" \/><\/p>\r\n<p><img loading=\"lazy\" decoding=\"async\" class=\"alignnone size-large wp-image-20233\" src=\"http:\/\/ukraynahaber.com\/wp-content\/uploads\/2017\/11\/yunuserdogdu01-1024x683.jpg\" alt=\"\" width=\"708\" height=\"472\" \/><\/p>\r\n<p><img loading=\"lazy\" decoding=\"async\" class=\"alignnone size-large wp-image-20234\" src=\"http:\/\/ukraynahaber.com\/wp-content\/uploads\/2017\/11\/yunuserdogdu02-1024x683.jpg\" alt=\"\" width=\"708\" height=\"472\" \/><\/p>\r\n<p><img loading=\"lazy\" decoding=\"async\" class=\"alignnone size-large wp-image-20235\" src=\"http:\/\/ukraynahaber.com\/wp-content\/uploads\/2017\/11\/yunuserdogdu05-1024x680.jpg\" alt=\"\" width=\"708\" height=\"470\" \/><\/p>\r\n<p><img loading=\"lazy\" decoding=\"async\" class=\"alignnone size-large wp-image-20236\" src=\"http:\/\/ukraynahaber.com\/wp-content\/uploads\/2017\/11\/yunuserdogdu07-1-1024x678.jpg\" alt=\"\" width=\"708\" height=\"469\" \/><\/p>\r\n<p><img loading=\"lazy\" decoding=\"async\" class=\"alignnone size-large wp-image-20237\" src=\"http:\/\/ukraynahaber.com\/wp-content\/uploads\/2017\/11\/yunuserdogdu08-1-1024x678.jpg\" alt=\"\" width=\"708\" height=\"469\" \/><\/p>\r\n<p><img loading=\"lazy\" decoding=\"async\" class=\"alignnone size-large wp-image-20238\" src=\"http:\/\/ukraynahaber.com\/wp-content\/uploads\/2017\/11\/yunuserdogdu09-1024x678.jpg\" alt=\"\" width=\"708\" height=\"469\" \/><\/p>\r\n<p><img loading=\"lazy\" decoding=\"async\" class=\"alignnone size-large wp-image-20239\" src=\"http:\/\/ukraynahaber.com\/wp-content\/uploads\/2017\/11\/yunuserdogdu10-1024x678.jpg\" alt=\"\" width=\"708\" height=\"469\" \/><\/p>\r\n<p>YASAL UYARI: Sitemizde yay\u0131nlanan haber ve yaz\u0131lar\u0131n t\u00fcm haklar\u0131 Ukraynahaber.com&#8217;a aittir. Haberlerimiz kaynak g\u00f6sterilerek veya yaz\u0131ya aktif link verilerek kullan\u0131labilir.<\/p>\r\n","protected":false},"excerpt":{"rendered":"<p>Ukrayna&#8217;n\u0131n kuzeyinde, Rusya ile Belarus s\u0131n\u0131rlar\u0131n\u0131n kesi\u015fme noktas\u0131ndaki \u00c7ernigiv B\u00f6lgesi ke\u015ffedilmeyi bekliyor. Ba\u015fkenti Kiev&#8217;in 140 kilometre kuzeyindeki \u00c7ernigiv \u015eehri, Ukrayna tarihide; siyasi, iktisadi, i\u00e7timai, medeni hayat\u0131n\u0131n ba\u015fl\u0131ca merkezlerinden birisi oldu. Ukrayna Ekonomik Kalk\u0131nma ve Ticaret Bakanl\u0131\u011f\u0131, Kiev Bas\u0131n Kul\u00fcb\u00fc, yerel y\u00f6netimin ortak projesi \u00e7er\u00e7evesinde, \u00c7ernigiv B\u00f6lgesi&#8217;nin, do\u011fal, tarihi ve k\u00fclt\u00fcrel varl\u0131klar\u0131 hakk\u0131nda bas\u0131n mensuplar\u0131na bilgi [&hellip;]<\/p>\n","protected":false},"author":1,"featured_media":15,"parent":0,"menu_order":0,"comment_status":"closed","ping_status":"open","template":"","meta":{"footnotes":""},"class_list":["post-2","page","type-page","status-publish","has-post-thumbnail","hentry"],"_links":{"self":[{"href":"https:\/\/turisthaber.com\/index.php?rest_route=\/wp\/v2\/pages\/2","targetHints":{"allow":["GET"]}}],"collection":[{"href":"https:\/\/turisthaber.com\/index.php?rest_route=\/wp\/v2\/pages"}],"about":[{"href":"https:\/\/turisthaber.com\/index.php?rest_route=\/wp\/v2\/types\/page"}],"author":[{"embeddable":true,"href":"https:\/\/turisthaber.com\/index.php?rest_route=\/wp\/v2\/users\/1"}],"replies":[{"embeddable":true,"href":"https:\/\/turisthaber.com\/index.php?rest_route=%2Fwp%2Fv2%2Fcomments&post=2"}],"version-history":[{"count":3,"href":"https:\/\/turisthaber.com\/index.php?rest_route=\/wp\/v2\/pages\/2\/revisions"}],"predecessor-version":[{"id":17,"href":"https:\/\/turisthaber.com\/index.php?rest_route=\/wp\/v2\/pages\/2\/revisions\/17"}],"wp:featuredmedia":[{"embeddable":true,"href":"https:\/\/turisthaber.com\/index.php?rest_route=\/wp\/v2\/media\/15"}],"wp:attachment":[{"href":"https:\/\/turisthaber.com\/index.php?rest_route=%2Fwp%2Fv2%2Fmedia&parent=2"}],"curies":[{"name":"wp","href":"https:\/\/api.w.org\/{rel}","templated":true}]}}